{"id":136,"date":"2024-08-09T11:00:11","date_gmt":"2024-08-09T09:00:11","guid":{"rendered":"https:\/\/mysubli.com\/?page_id=136"},"modified":"2025-09-05T16:20:20","modified_gmt":"2025-09-05T14:20:20","slug":"qui-sommes-nous","status":"publish","type":"page","link":"https:\/\/mysubli.com\/index.php\/qui-sommes-nous\/","title":{"rendered":"Qui sommes nous ?"},"content":{"rendered":"\t\t<div data-elementor-type=\"wp-page\" data-elementor-id=\"136\" class=\"elementor elementor-136\">\n\t\t\t\t<div class=\"elementor-element elementor-element-314814c e-flex e-con-boxed wpr-particle-no wpr-jarallax-no wpr-parallax-no wpr-sticky-section-no e-con e-parent\" data-id=\"314814c\" data-element_type=\"container\">\n\t\t\t\t\t<div class=\"e-con-inner\">\n\t\t<div class=\"elementor-element elementor-element-dacca49 e-con-full e-flex wpr-particle-no wpr-jarallax-no wpr-parallax-no wpr-sticky-section-no e-con e-child\" data-id=\"dacca49\" data-element_type=\"container\">\n\t\t\t\t<div class=\"elementor-element elementor-element-b5960c6 elementor-widget elementor-widget-image\" data-id=\"b5960c6\" data-element_type=\"widget\" data-widget_type=\"image.default\">\n\t\t\t\t<div class=\"elementor-widget-container\">\n\t\t\t\t\t\t\t\t\t\t\t\t\t\t\t<img fetchpriority=\"high\" decoding=\"async\" width=\"980\" height=\"560\" src=\"https:\/\/mysubli.com\/wp-content\/uploads\/2024\/08\/photoesat2-1024x585.png\" class=\"attachment-large size-large wp-image-230\" alt=\"\" srcset=\"https:\/\/mysubli.com\/wp-content\/uploads\/2024\/08\/photoesat2-1024x585.png 1024w, https:\/\/mysubli.com\/wp-content\/uploads\/2024\/08\/photoesat2-300x171.png 300w, https:\/\/mysubli.com\/wp-content\/uploads\/2024\/08\/photoesat2-768x438.png 768w, https:\/\/mysubli.com\/wp-content\/uploads\/2024\/08\/photoesat2-1536x877.png 1536w, https:\/\/mysubli.com\/wp-content\/uploads\/2024\/08\/photoesat2-416x237.png 416w, https:\/\/mysubli.com\/wp-content\/uploads\/2024\/08\/photoesat2.png 2039w\" sizes=\"(max-width: 980px) 100vw, 980px\" \/>\t\t\t\t\t\t\t\t\t\t\t\t\t\t\t<\/div>\n\t\t\t\t<\/div>\n\t\t\t\t<\/div>\n\t\t<div class=\"elementor-element elementor-element-548b904 e-con-full e-flex wpr-particle-no wpr-jarallax-no wpr-parallax-no wpr-sticky-section-no e-con e-child\" data-id=\"548b904\" data-element_type=\"container\">\n\t\t\t\t<div class=\"elementor-element elementor-element-e63e73a elementor-widget elementor-widget-text-editor\" data-id=\"e63e73a\" data-element_type=\"widget\" data-widget_type=\"text-editor.default\">\n\t\t\t\t<div class=\"elementor-widget-container\">\n\t\t\t\t\t\t\t\t\t<p>\u00a0<\/p><p>Depuis plus de 10 ans, notre entreprise bas\u00e9e \u00e0 Lisieux, en Normandie, se sp\u00e9cialise dans la sublimation d\u2019articles personnalis\u00e9s. Nous proposons une large gamme de produits tels que des mugs, des planches \u00e0 d\u00e9couper, des coussins, des porte-cl\u00e9s, des sous-verres et bien d\u2019autres encore. La qualit\u00e9 et la personnalisation sont au c\u0153ur de notre m\u00e9tier, offrant \u00e0 nos clients des articles uniques et originaux pour toute occasion.<\/p>\t\t\t\t\t\t\t\t<\/div>\n\t\t\t\t<\/div>\n\t\t\t\t<\/div>\n\t\t\t\t\t<\/div>\n\t\t\t\t<\/div>\n\t\t<div class=\"elementor-element elementor-element-9e7333c e-flex e-con-boxed wpr-particle-no wpr-jarallax-no wpr-parallax-no wpr-sticky-section-no e-con e-parent\" data-id=\"9e7333c\" data-element_type=\"container\">\n\t\t\t\t\t<div class=\"e-con-inner\">\n\t\t\t\t<div class=\"elementor-element elementor-element-b07c646 elementor-widget elementor-widget-text-editor\" data-id=\"b07c646\" data-element_type=\"widget\" data-widget_type=\"text-editor.default\">\n\t\t\t\t<div class=\"elementor-widget-container\">\n\t\t\t\t\t\t\t\t\t<p>Nous avons \u00e9galement la fiert\u00e9 de collaborer avec l&rsquo;ESAT de Lisieux, une structure qui r\u00e9alise l&rsquo;int\u00e9gralit\u00e9 de nos sublimations. Cette collaboration refl\u00e8te nos valeurs d\u2019engagement social et local, tout en garantissant un travail minutieux et de haute qualit\u00e9 sur chaque commande que nous traitons.<\/p>\t\t\t\t\t\t\t\t<\/div>\n\t\t\t\t<\/div>\n\t\t\t\t\t<\/div>\n\t\t\t\t<\/div>\n\t\t\t\t<\/div>\n\t\t","protected":false},"excerpt":{"rendered":"<p>\u00a0 Depuis plus de 10 ans, notre entreprise bas\u00e9e \u00e0 Lisieux, en Normandie, se sp\u00e9cialise dans la sublimation d\u2019articles personnalis\u00e9s. Nous proposons une large gamme de produits tels que des mugs, des planches \u00e0 d\u00e9couper, des coussins, des porte-cl\u00e9s, des sous-verres et bien d\u2019autres encore. La qualit\u00e9 et la personnalisation sont au c\u0153ur de notre m\u00e9tier, offrant \u00e0 nos clients des articles uniques et originaux pour toute occasion. Nous avons \u00e9galement la fiert\u00e9 de collaborer avec l&rsquo;ESAT de Lisieux, une structure qui r\u00e9alise l&rsquo;int\u00e9gralit\u00e9 de nos sublimations. Cette collaboration refl\u00e8te nos valeurs d\u2019engagement social et local, tout en garantissant un travail minutieux et de haute qualit\u00e9 sur chaque commande que nous traitons.<\/p>\n","protected":false},"author":1,"featured_media":0,"parent":0,"menu_order":0,"comment_status":"closed","ping_status":"closed","template":"","meta":{"footnotes":""},"class_list":["post-136","page","type-page","status-publish","hentry"],"_links":{"self":[{"href":"https:\/\/mysubli.com\/index.php\/wp-json\/wp\/v2\/pages\/136","targetHints":{"allow":["GET"]}}],"collection":[{"href":"https:\/\/mysubli.com\/index.php\/wp-json\/wp\/v2\/pages"}],"about":[{"href":"https:\/\/mysubli.com\/index.php\/wp-json\/wp\/v2\/types\/page"}],"author":[{"embeddable":true,"href":"https:\/\/mysubli.com\/index.php\/wp-json\/wp\/v2\/users\/1"}],"replies":[{"embeddable":true,"href":"https:\/\/mysubli.com\/index.php\/wp-json\/wp\/v2\/comments?post=136"}],"version-history":[{"count":10,"href":"https:\/\/mysubli.com\/index.php\/wp-json\/wp\/v2\/pages\/136\/revisions"}],"predecessor-version":[{"id":408,"href":"https:\/\/mysubli.com\/index.php\/wp-json\/wp\/v2\/pages\/136\/revisions\/408"}],"wp:attachment":[{"href":"https:\/\/mysubli.com\/index.php\/wp-json\/wp\/v2\/media?parent=136"}],"curies":[{"name":"wp","href":"https:\/\/api.w.org\/{rel}","templated":true}]}}