{"id":2,"date":"2024-08-07T09:46:43","date_gmt":"2024-08-07T07:46:43","guid":{"rendered":"http:\/\/mysubli.com\/?page_id=2"},"modified":"2026-02-10T10:55:02","modified_gmt":"2026-02-10T09:55:02","slug":"page-d-exemple","status":"publish","type":"page","link":"https:\/\/mysubli.com\/","title":{"rendered":"Accueil"},"content":{"rendered":"\t\t<div data-elementor-type=\"wp-page\" data-elementor-id=\"2\" class=\"elementor elementor-2\">\n\t\t\t\t<div class=\"elementor-element elementor-element-2ddc672 e-flex e-con-boxed wpr-particle-no wpr-jarallax-no wpr-parallax-no wpr-sticky-section-no e-con e-parent\" data-id=\"2ddc672\" data-element_type=\"container\">\n\t\t\t\t\t<div class=\"e-con-inner\">\n\t\t\t\t<div class=\"elementor-element elementor-element-bd1656b wpr-adv-slider-columns-1 wpr-adv-slider-columns--tablet1 wpr-adv-slider-columns--mobile1 wpr-adv-slides-to-scroll-1 wpr-slider-dots-horizontal elementor-widget elementor-widget-wpr-advanced-slider\" data-id=\"bd1656b\" data-element_type=\"widget\" data-settings=\"{&quot;slider_amount&quot;:&quot;1&quot;,&quot;slider_amount_tablet&quot;:1,&quot;slider_amount_mobile&quot;:1,&quot;slides_to_scroll&quot;:1,&quot;slider_loop&quot;:&quot;yes&quot;,&quot;slider_hide_video_content&quot;:&quot;yes&quot;,&quot;slider_video_btn_size&quot;:&quot;medium&quot;}\" data-widget_type=\"wpr-advanced-slider.default\">\n\t\t\t\t<div class=\"elementor-widget-container\">\n\t\t\t\t\t\n\t\t<!-- Advanced Slider -->\n\t\t<div class=\"wpr-advanced-slider-wrap\">\n\t\t\t\n\t\t\t<div class=\"wpr-advanced-slider\" dir=\"ltr\" data-slick=\"{&quot;rtl&quot;:false,&quot;infinite&quot;:true,&quot;speed&quot;:700,&quot;arrows&quot;:true,&quot;dots&quot;:true,&quot;autoplay&quot;:false,&quot;autoplaySpeed&quot;:0,&quot;pauseOnHover&quot;:&quot;&quot;,&quot;prevArrow&quot;:&quot;#wpr-slider-prev-bd1656b&quot;,&quot;nextArrow&quot;:&quot;#wpr-slider-next-bd1656b&quot;,&quot;vertical&quot;:false,&quot;adaptiveHeight&quot;:true}\" data-hide-video-content=\"yes\" data-video-btn-size=\"{&quot;widescreen&quot;:&quot;medium&quot;,&quot;desktop&quot;:&quot;medium&quot;,&quot;laptop&quot;:&quot;medium&quot;,&quot;tablet_extra&quot;:&quot;medium&quot;,&quot;tablet&quot;:&quot;medium&quot;,&quot;mobile_extra&quot;:&quot;medium&quot;,&quot;mobile&quot;:&quot;medium&quot;}\" data-slide-effect=\"slide\">\n\t\t\t\t<div class=\"wpr-slider-item elementor-repeater-item-e6eca21\"><div class=\"wpr-slider-item-bg \" style=\"background-image: url(https:\/\/mysubli.com\/wp-content\/uploads\/2024\/08\/photoesat2.png)\"><\/div><div class=\"wpr-slider-item-overlay\"><\/div><div class=\"wpr-cv-container\"><div class=\"wpr-cv-outer\"><div class=\"wpr-cv-inner\"><div class=\"wpr-slider-content\"><div class=\"wpr-slider-title\"><h2>Imprim\u00e9 dans un ESAT !<\/h2><\/div><div class=\"wpr-slider-sub-title\"><h3>En Normandie<\/h3><\/div><div class=\"wpr-slider-description\"><p>Chez MySubli, chaque produit est sublim\u00e9 avec soin dans un ESAT en Normandie, favorisant l'inclusion sociale et professionnelle. En choisissant nos articles personnalis\u00e9s, vous soutenez un savoir-faire local et solidaire, tout en apportant une touche unique \u00e0 votre quotidien.\n\n<\/p><\/div><div class=\"wpr-slider-btns\"><a class=\"wpr-slider-primary-btn\" href=\"https:\/\/mysubli.com\/index.php\/qui-sommes-nous\/\">Nous d\u00e9couvrir !<\/a><\/div><\/div><\/div><\/div><\/div><\/div><div class=\"wpr-slider-item elementor-repeater-item-544c1f3\"><div class=\"wpr-slider-item-bg \" style=\"background-image: url(https:\/\/mysubli.com\/wp-content\/uploads\/2024\/08\/prensentationmug-scaled.jpg)\"><\/div><div class=\"wpr-slider-item-overlay\"><\/div><div class=\"wpr-cv-container\"><div class=\"wpr-cv-outer\"><div class=\"wpr-cv-inner\"><div class=\"wpr-slider-content\"><div class=\"wpr-slider-title\"><h2>Nos Produits Personnalisables<\/h2><\/div><div class=\"wpr-slider-description\"><p>D\u00e9couvrez nos mugs, sous-verres, tapis de souris, coussins, planches \u00e0 d\u00e9couper et porte-cl\u00e9s, tous personnalisables en sublimation. Transformez chaque produit en une pi\u00e8ce unique qui refl\u00e8te votre style. MySubli, c'est la qualit\u00e9 et la personnalisation \u00e0 port\u00e9e de main!\n\n<\/p><\/div><div class=\"wpr-slider-btns\"><a class=\"wpr-slider-primary-btn\" href=\"https:\/\/mysubli.com\/index.php\/boutique\/\">La Boutique !<\/a><\/div><\/div><\/div><\/div><\/div><\/div>\t\t\t<\/div>\n\t\t\t<div class=\"wpr-slider-controls\">\n\t\t\t\t<div class=\"wpr-slider-dots\"><\/div>\n\t\t\t<\/div>\n\n\t\t\t<div class=\"wpr-slider-arrow-container\">\n\t\t\t\t<div class=\"wpr-slider-prev-arrow wpr-slider-arrow\" id=\"wpr-slider-prev-bd1656b\">\n\t\t\t\t\t<svg version=\"1.1\" xmlns=\"http:\/\/www.w3.org\/2000\/svg\" xmlns:xlink=\"http:\/\/www.w3.org\/1999\/xlink\" x=\"0px\" y=\"0px\" viewBox=\"0 0 283.4 512\" style=\"enable-background:new 0 0 283.4 512;\" xml:space=\"preserve\"><g><polygon class=\"st0\" points=\"54.5,256.3 283.4,485.1 256.1,512.5 0,256.3 0,256.3 27.2,229 256.1,0 283.4,27.4 \"\/><\/g><\/svg>\t\t\t\t<\/div>\n\t\t\t\t<div class=\"wpr-slider-next-arrow wpr-slider-arrow\" id=\"wpr-slider-next-bd1656b\">\n\t\t\t\t\t<svg version=\"1.1\" xmlns=\"http:\/\/www.w3.org\/2000\/svg\" xmlns:xlink=\"http:\/\/www.w3.org\/1999\/xlink\" x=\"0px\" y=\"0px\" viewBox=\"0 0 283.4 512\" style=\"enable-background:new 0 0 283.4 512;\" xml:space=\"preserve\"><g><polygon class=\"st0\" points=\"54.5,256.3 283.4,485.1 256.1,512.5 0,256.3 0,256.3 27.2,229 256.1,0 283.4,27.4 \"\/><\/g><\/svg>\t\t\t\t<\/div>\n\t\t\t<\/div>\n\t\t\t\n\t\t\t\n\t\t<\/div>\n\t\t\t\t\t\t<\/div>\n\t\t\t\t<\/div>\n\t\t\t\t<div class=\"elementor-element elementor-element-c9f0c4d elementor-widget elementor-widget-eael-woo-product-list\" data-id=\"c9f0c4d\" data-element_type=\"widget\" data-widget_type=\"eael-woo-product-list.default\">\n\t\t\t\t<div class=\"elementor-widget-container\">\n\t\t\t\t\t\n        <div class=\"eael-product-list-wrapper preset-1\">\n            <div class=\"eael-product-list-body woocommerce\">\n                <div class=\"eael-product-list-container\">\n                    <div class=\"eael-post-appender\">\n                        <div class=\"product post-69 type-product status-publish has-post-thumbnail product_cat-mug-sublimation first instock taxable shipping-taxable product-type-simple\">\n    <div class=\"eael-product-list-item \">\n                \n        <div class=\"eael-product-list-image-wrap\">\n                                                    \n                                            \n            <a href=\"https:\/\/mysubli.com\/index.php\/produit\/mug-en-ceramique-sublimation\/\" class=\"woocommerce-LoopProduct-link woocommerce-loop-product__link\" >\n            \n                <img fetchpriority=\"high\" decoding=\"async\" width=\"300\" height=\"300\" src=\"https:\/\/mysubli.com\/wp-content\/uploads\/2024\/08\/20240617_154102-300x300.jpg\" class=\"attachment-medium size-medium\" alt=\"Mug en c\u00e9ramique sublimation\" loading=\"eager\" \/>            \n                               \n            <\/a>\n            \n                        <ul class=\"eael-product-list-buttons-on-hover\">\n                \n                \n                            <\/ul>\n                    <\/div>\n\n        <div class=\"eael-product-list-content-wrap\">\n            \n            <div class=\"eael-product-list-content-header \" >\n                                \n                <div class=\"eael-product-list-notice eael-product-list-notice-shiping-free\">\n                                    <\/div>\n            <\/div>\n            <div class=\"eael-product-list-content-body\">\n                            <h2 class=\"eael-product-list-title\">\n                                <a href=\"https:\/\/mysubli.com\/index.php\/produit\/mug-en-ceramique-sublimation\/\" class=\"woocommerce-LoopProduct-link woocommerce-loop-product__link\" target=\"_blank\">\n                    Mug en c\u00e9ramique sublimation                <\/a>\n                            <\/h2>\n        \n                                <div class=\"eael-product-list-excerpt\">\n                    Mug en c\u00e9ramique sublimation. Mug 330 ml. Hauteur du mug : 9,7 cm. Impression en quadri sur toute la surface du mug. Marquage de haut en bas. Aucune limite de...                <\/div>\n                \n                                <h3 class=\"eael-product-list-price\">\n                    Connectez-vous pour voir les prix !                <\/h3>\n                            <\/div>\n            <div class=\"eael-product-list-content-footer\">\n                \n                                <div class=\"eael-product-list-buttons\">\n                    \n                                    <\/div>\n                            <\/div>\n        <\/div>\n    <\/div>\n<\/div><div class=\"product post-259 type-product status-publish has-post-thumbnail product_cat-mug-bicolore-complet  instock taxable shipping-taxable product-type-simple\">\n    <div class=\"eael-product-list-item \">\n                \n        <div class=\"eael-product-list-image-wrap\">\n                                                    \n                                            \n            <a href=\"https:\/\/mysubli.com\/index.php\/produit\/mug-en-ceramique-bicolore-sublimation\/\" class=\"woocommerce-LoopProduct-link woocommerce-loop-product__link\" >\n            \n                <img decoding=\"async\" width=\"300\" height=\"300\" src=\"https:\/\/mysubli.com\/wp-content\/uploads\/2024\/09\/0-252Fe-252F2-252Fd-252F0e2d2190ca31220fcd7bb7dfa8eab221bd7feee3_TTH_AR_1_86bSM7INwQKbL-300x300.jpg\" class=\"attachment-medium size-medium\" alt=\"Mug en c\u00e9ramique bicolore sublimation\" loading=\"eager\" \/>            \n                               \n            <\/a>\n            \n                        <ul class=\"eael-product-list-buttons-on-hover\">\n                \n                \n                            <\/ul>\n                    <\/div>\n\n        <div class=\"eael-product-list-content-wrap\">\n            \n            <div class=\"eael-product-list-content-header \" >\n                                \n                <div class=\"eael-product-list-notice eael-product-list-notice-shiping-free\">\n                                    <\/div>\n            <\/div>\n            <div class=\"eael-product-list-content-body\">\n                            <h2 class=\"eael-product-list-title\">\n                                <a href=\"https:\/\/mysubli.com\/index.php\/produit\/mug-en-ceramique-bicolore-sublimation\/\" class=\"woocommerce-LoopProduct-link woocommerce-loop-product__link\" target=\"_blank\">\n                    Mug en c\u00e9ramique bicolore sublimation                <\/a>\n                            <\/h2>\n        \n                                <div class=\"eael-product-list-excerpt\">\n                    Mug en c\u00e9ramique bicolore sublimation. Mug 330 ml. Hauteur du mug : 9,7 cm. Impression en quadri sur toute la surface du mug. Marquage de haut en bas. Aucune limite...                <\/div>\n                \n                                <h3 class=\"eael-product-list-price\">\n                    Connectez-vous pour voir les prix !                <\/h3>\n                            <\/div>\n            <div class=\"eael-product-list-content-footer\">\n                \n                                <div class=\"eael-product-list-buttons\">\n                    \n                                    <\/div>\n                            <\/div>\n        <\/div>\n    <\/div>\n<\/div><div class=\"product post-294 type-product status-publish has-post-thumbnail product_cat-mug-cuillere  instock taxable shipping-taxable product-type-simple\">\n    <div class=\"eael-product-list-item \">\n                \n        <div class=\"eael-product-list-image-wrap\">\n                                                    \n                                            \n            <a href=\"https:\/\/mysubli.com\/index.php\/produit\/mug-en-ceramique-avec-cuillere\/\" class=\"woocommerce-LoopProduct-link woocommerce-loop-product__link\" >\n            \n                <img decoding=\"async\" width=\"300\" height=\"300\" src=\"https:\/\/mysubli.com\/wp-content\/uploads\/2024\/09\/1-252Ff-252F5-252F5-252F1f554ac747a471ae33eb320668bfb97eb6e2ada5_ARTTL__0_15591495685GezNYBsKABgM_600x600-300x300.jpg\" class=\"attachment-medium size-medium\" alt=\"Mug en c\u00e9ramique avec cuill\u00e8re\" loading=\"eager\" \/>            \n                               \n            <\/a>\n            \n                        <ul class=\"eael-product-list-buttons-on-hover\">\n                \n                \n                            <\/ul>\n                    <\/div>\n\n        <div class=\"eael-product-list-content-wrap\">\n            \n            <div class=\"eael-product-list-content-header \" >\n                                \n                <div class=\"eael-product-list-notice eael-product-list-notice-shiping-free\">\n                                    <\/div>\n            <\/div>\n            <div class=\"eael-product-list-content-body\">\n                            <h2 class=\"eael-product-list-title\">\n                                <a href=\"https:\/\/mysubli.com\/index.php\/produit\/mug-en-ceramique-avec-cuillere\/\" class=\"woocommerce-LoopProduct-link woocommerce-loop-product__link\" target=\"_blank\">\n                    Mug en c\u00e9ramique avec cuill\u00e8re                <\/a>\n                            <\/h2>\n        \n                                <div class=\"eael-product-list-excerpt\">\n                    Tasse en c\u00e9ramique de haute qualit\u00e9 avec rev\u00eatement Orca original comprenant une cuill\u00e8re en c\u00e9ramique. Solution pratique avec un joli design. Le manche et la cuill\u00e8re sont de couleur coordonn\u00e9e...                <\/div>\n                \n                                <h3 class=\"eael-product-list-price\">\n                    Connectez-vous pour voir les prix !                <\/h3>\n                            <\/div>\n            <div class=\"eael-product-list-content-footer\">\n                \n                                <div class=\"eael-product-list-buttons\">\n                    \n                                    <\/div>\n                            <\/div>\n        <\/div>\n    <\/div>\n<\/div>                    <\/div>\n\n                    \n                <\/div>\n            <\/div>\n        <\/div>\n\n\t\t\t\t\t\t<\/div>\n\t\t\t\t<\/div>\n\t\t\t\t<div class=\"elementor-element elementor-element-09f1978 elementor-widget elementor-widget-eael-creative-button\" data-id=\"09f1978\" data-element_type=\"widget\" data-widget_type=\"eael-creative-button.default\">\n\t\t\t\t<div class=\"elementor-widget-container\">\n\t\t\t\t\t        <div class=\"eael-creative-button-wrapper\">\n\n            <a class=\"eael-creative-button eael-creative-button--default\" href=\"https:\/\/mysubli.com\/index.php\/boutique\/\" data-text=\"\">\n            \t    \n                <div class=\"creative-button-inner\">\n\n                    \n                    <span class=\"cretive-button-text\">Voir tous les produits !<\/span>\n\n                                    <\/div>\n\t                        <\/a>\n        <\/div>\n        \t\t\t\t<\/div>\n\t\t\t\t<\/div>\n\t\t\t\t\t<\/div>\n\t\t\t\t<\/div>\n\t\t<div class=\"elementor-element elementor-element-b2e7973 e-flex e-con-boxed wpr-particle-no wpr-jarallax-no wpr-parallax-no wpr-sticky-section-no e-con e-parent\" data-id=\"b2e7973\" data-element_type=\"container\">\n\t\t\t\t\t<div class=\"e-con-inner\">\n\t\t<div class=\"elementor-element elementor-element-8989251 e-con-full e-flex wpr-particle-no wpr-jarallax-no wpr-parallax-no wpr-sticky-section-no e-con e-child\" data-id=\"8989251\" data-element_type=\"container\">\n\t\t\t\t<div class=\"elementor-element elementor-element-549801d elementor-widget elementor-widget-image\" data-id=\"549801d\" data-element_type=\"widget\" data-widget_type=\"image.default\">\n\t\t\t\t<div class=\"elementor-widget-container\">\n\t\t\t\t\t\t\t\t\t\t\t\t\t\t\t<img decoding=\"async\" width=\"980\" height=\"654\" src=\"https:\/\/mysubli.com\/wp-content\/uploads\/2024\/08\/compresse.jpg\" class=\"attachment-large size-large wp-image-220\" alt=\"\" srcset=\"https:\/\/mysubli.com\/wp-content\/uploads\/2024\/08\/compresse.jpg 1000w, https:\/\/mysubli.com\/wp-content\/uploads\/2024\/08\/compresse-300x200.jpg 300w, https:\/\/mysubli.com\/wp-content\/uploads\/2024\/08\/compresse-768x512.jpg 768w, https:\/\/mysubli.com\/wp-content\/uploads\/2024\/08\/compresse-416x277.jpg 416w\" sizes=\"(max-width: 980px) 100vw, 980px\" \/>\t\t\t\t\t\t\t\t\t\t\t\t\t\t\t<\/div>\n\t\t\t\t<\/div>\n\t\t\t\t<\/div>\n\t\t<div class=\"elementor-element elementor-element-cf23b50 e-con-full e-flex wpr-particle-no wpr-jarallax-no wpr-parallax-no wpr-sticky-section-no e-con e-child\" data-id=\"cf23b50\" data-element_type=\"container\">\n\t\t\t\t<div class=\"elementor-element elementor-element-ab2c519 elementor-widget elementor-widget-text-editor\" data-id=\"ab2c519\" data-element_type=\"widget\" data-widget_type=\"text-editor.default\">\n\t\t\t\t<div class=\"elementor-widget-container\">\n\t\t\t\t\t\t\t\t\t<p>Chez Mysubli, nous sommes l\u00e0 pour vous accompagner dans votre activit\u00e9 de sublimation. Que ce soit pour des questions sur nos produits, des conseils techniques, ou pour toute autre information, n&rsquo;h\u00e9sitez pas \u00e0 nous contacter. Notre \u00e9quipe est \u00e0 votre disposition pour vous aider \u00e0 chaque \u00e9tape.<\/p><p><strong>Contactez-nous d\u00e8s aujourd&rsquo;hui !<\/strong><\/p><p>\ud83d\udcde <strong>T\u00e9l\u00e9phone<\/strong> : 02 31 50 30 90<br \/>\u2709\ufe0f <strong>Email<\/strong> : contact@mysubli.com<\/p>\t\t\t\t\t\t\t\t<\/div>\n\t\t\t\t<\/div>\n\t\t\t\t<\/div>\n\t\t\t\t\t<\/div>\n\t\t\t\t<\/div>\n\t\t\t\t<\/div>\n\t\t","protected":false},"excerpt":{"rendered":"<p>Imprim\u00e9 dans un ESAT ! En Normandie Chez MySubli, chaque produit est sublim\u00e9 avec soin dans un ESAT en Normandie, favorisant l&rsquo;inclusion sociale et professionnelle. En choisissant nos articles personnalis\u00e9s, vous soutenez un savoir-faire local et solidaire, tout en apportant une touche unique \u00e0 votre quotidien. Nous d\u00e9couvrir ! Nos Produits Personnalisables D\u00e9couvrez nos mugs, sous-verres, tapis de souris, coussins, planches \u00e0 d\u00e9couper et porte-cl\u00e9s, tous personnalisables en sublimation. Transformez chaque produit en une pi\u00e8ce unique qui refl\u00e8te votre style. MySubli, c&rsquo;est la qualit\u00e9 et la personnalisation \u00e0 port\u00e9e de main! La Boutique ! Mug en c\u00e9ramique sublimation Mug en c\u00e9ramique sublimation. Mug 330 ml. Hauteur du mug : 9,7 cm. Impression en quadri sur toute la surface du mug. Marquage de haut en bas. Aucune limite de&#8230; 1,99&nbsp;&euro; Mug en c\u00e9ramique bicolore sublimation Mug en c\u00e9ramique bicolore sublimation. Mug 330 ml. Hauteur du mug : 9,7 cm. Impression en quadri sur toute la surface du mug. Marquage de haut en bas. Aucune limite&#8230; 3,29&nbsp;&euro; Mug en c\u00e9ramique avec cuill\u00e8re Tasse en c\u00e9ramique de haute qualit\u00e9 avec rev\u00eatement Orca original comprenant une cuill\u00e8re en c\u00e9ramique. Solution pratique avec un joli design. Le manche et la cuill\u00e8re sont de couleur coordonn\u00e9e&#8230; 4,68&nbsp;&euro; Voir tous les produits ! Chez Mysubli, nous sommes l\u00e0 pour vous accompagner dans votre activit\u00e9 de sublimation. Que ce soit pour des questions sur nos produits, des conseils techniques, ou pour toute autre information, n&rsquo;h\u00e9sitez pas \u00e0 nous contacter. Notre \u00e9quipe est \u00e0 votre disposition pour vous aider \u00e0 chaque \u00e9tape. Contactez-nous d\u00e8s aujourd&rsquo;hui ! \ud83d\udcde T\u00e9l\u00e9phone : 02 31 50 30 90\u2709\ufe0f Email : contact@mysubli.com<\/p>\n","protected":false},"author":1,"featured_media":0,"parent":0,"menu_order":0,"comment_status":"closed","ping_status":"closed","template":"elementor_header_footer","meta":{"footnotes":""},"class_list":["post-2","page","type-page","status-publish","hentry"],"_links":{"self":[{"href":"https:\/\/mysubli.com\/index.php\/wp-json\/wp\/v2\/pages\/2","targetHints":{"allow":["GET"]}}],"collection":[{"href":"https:\/\/mysubli.com\/index.php\/wp-json\/wp\/v2\/pages"}],"about":[{"href":"https:\/\/mysubli.com\/index.php\/wp-json\/wp\/v2\/types\/page"}],"author":[{"embeddable":true,"href":"https:\/\/mysubli.com\/index.php\/wp-json\/wp\/v2\/users\/1"}],"replies":[{"embeddable":true,"href":"https:\/\/mysubli.com\/index.php\/wp-json\/wp\/v2\/comments?post=2"}],"version-history":[{"count":44,"href":"https:\/\/mysubli.com\/index.php\/wp-json\/wp\/v2\/pages\/2\/revisions"}],"predecessor-version":[{"id":443,"href":"https:\/\/mysubli.com\/index.php\/wp-json\/wp\/v2\/pages\/2\/revisions\/443"}],"wp:attachment":[{"href":"https:\/\/mysubli.com\/index.php\/wp-json\/wp\/v2\/media?parent=2"}],"curies":[{"name":"wp","href":"https:\/\/api.w.org\/{rel}","templated":true}]}}