{"id":82,"date":"2024-08-07T13:54:52","date_gmt":"2024-08-07T11:54:52","guid":{"rendered":"https:\/\/mysubli.com\/?post_type=product&#038;p=82"},"modified":"2024-09-11T16:18:25","modified_gmt":"2024-09-11T14:18:25","slug":"mug-magique-mat","status":"publish","type":"product","link":"https:\/\/mysubli.com\/index.php\/produit\/mug-magique-mat\/","title":{"rendered":"Mug magique MAT"},"content":{"rendered":"<p>Mug Magique Finition Mat ( \u00e0 laver \u00e0 la main ) \u00e0 personnaliser en sublimation. Aucune limite de couleurs de marquage. Le d\u00e9lai de livraison est de 10 jours ouvr\u00e9s apr\u00e8s accord du bon \u00e0 tirer. Pas de frais technique. Nous pouvons r\u00e9aliser un marquage d&rsquo;un pr\u00e9nom ou autre texte par mug<br \/>\nEncre adapt\u00e9e au contact alimentaire<br \/>\nPrix marquage inclus.<br \/>\nD\u00e9lai de livraison : 2 \u00e0 4 jours ouvr\u00e9s<\/p>\n","protected":false},"excerpt":{"rendered":"<p>Mug Magique Finition Mat ( \u00e0 laver \u00e0 la main ) \u00e0 personnaliser en sublimation. Aucune limite de couleurs de marquage. Le d\u00e9lai de livraison est de 10 jours ouvr\u00e9s apr\u00e8s accord du bon \u00e0 tirer. Pas de frais technique. Nous pouvons r\u00e9aliser un marquage d&rsquo;un pr\u00e9nom ou autre texte par mug Encre adapt\u00e9e au contact alimentaire Prix marquage inclus. D\u00e9lai de livraison : 2 \u00e0 4 jours ouvr\u00e9s<\/p>\n","protected":false},"featured_media":87,"template":"","meta":[],"product_brand":[],"product_cat":[20],"product_tag":[],"class_list":{"0":"post-82","1":"product","2":"type-product","3":"status-publish","4":"has-post-thumbnail","6":"product_cat-mug-magique-mat","8":"first","9":"instock","10":"taxable","11":"shipping-taxable","12":"product-type-simple"},"_links":{"self":[{"href":"https:\/\/mysubli.com\/index.php\/wp-json\/wp\/v2\/product\/82","targetHints":{"allow":["GET"]}}],"collection":[{"href":"https:\/\/mysubli.com\/index.php\/wp-json\/wp\/v2\/product"}],"about":[{"href":"https:\/\/mysubli.com\/index.php\/wp-json\/wp\/v2\/types\/product"}],"wp:featuredmedia":[{"embeddable":true,"href":"https:\/\/mysubli.com\/index.php\/wp-json\/wp\/v2\/media\/87"}],"wp:attachment":[{"href":"https:\/\/mysubli.com\/index.php\/wp-json\/wp\/v2\/media?parent=82"}],"wp:term":[{"taxonomy":"product_brand","embeddable":true,"href":"https:\/\/mysubli.com\/index.php\/wp-json\/wp\/v2\/product_brand?post=82"},{"taxonomy":"product_cat","embeddable":true,"href":"https:\/\/mysubli.com\/index.php\/wp-json\/wp\/v2\/product_cat?post=82"},{"taxonomy":"product_tag","embeddable":true,"href":"https:\/\/mysubli.com\/index.php\/wp-json\/wp\/v2\/product_tag?post=82"}],"curies":[{"name":"wp","href":"https:\/\/api.w.org\/{rel}","templated":true}]}}